{"id":2663,"date":"2023-02-28T17:39:16","date_gmt":"2023-02-28T17:39:16","guid":{"rendered":"https:\/\/edfibras.com.br\/?post_type=product&#038;p=2663"},"modified":"2023-03-01T17:30:25","modified_gmt":"2023-03-01T17:30:25","slug":"jogo-de-sofa-casual-em-fibra-sintetica","status":"publish","type":"product","link":"https:\/\/edfibras.com.br\/index.php\/product\/jogo-de-sofa-casual-em-fibra-sintetica\/","title":{"rendered":"JOGO DE SOF\u00c1 CASUAL EM FIBRA SINT\u00c9TICA"},"content":{"rendered":"<p>SOF\u00c1 160 X 0,80<\/p>\n<p>POLTRONAS 0,80X 0,80X0,80<\/p>\n","protected":false},"excerpt":{"rendered":"<p>*ESTRUTURA TODA EM ALUMINIO<\/p>\n<p>*PINTURA ELETROST\u00c1TICA<\/p>\n<p>*FIBRA SINT\u00c9TICA<\/p>\n<p>*ALMOFADAS IMPERME\u00c1VEIS<\/p>\n<p>PERSONALIZE CORES E MEDIDAS<\/p>\n","protected":false},"featured_media":2665,"comment_status":"open","ping_status":"closed","template":"","meta":[],"product_cat":[23,31],"product_tag":[],"class_list":{"0":"post-2663","1":"product","2":"type-product","3":"status-publish","4":"has-post-thumbnail","6":"product_cat-poltronas","7":"product_cat-sofas","9":"first","10":"onbackorder","11":"taxable","12":"shipping-taxable","13":"purchasable","14":"product-type-simple"},"_links":{"self":[{"href":"https:\/\/edfibras.com.br\/index.php\/wp-json\/wp\/v2\/product\/2663","targetHints":{"allow":["GET"]}}],"collection":[{"href":"https:\/\/edfibras.com.br\/index.php\/wp-json\/wp\/v2\/product"}],"about":[{"href":"https:\/\/edfibras.com.br\/index.php\/wp-json\/wp\/v2\/types\/product"}],"replies":[{"embeddable":true,"href":"https:\/\/edfibras.com.br\/index.php\/wp-json\/wp\/v2\/comments?post=2663"}],"version-history":[{"count":1,"href":"https:\/\/edfibras.com.br\/index.php\/wp-json\/wp\/v2\/product\/2663\/revisions"}],"predecessor-version":[{"id":2668,"href":"https:\/\/edfibras.com.br\/index.php\/wp-json\/wp\/v2\/product\/2663\/revisions\/2668"}],"wp:featuredmedia":[{"embeddable":true,"href":"https:\/\/edfibras.com.br\/index.php\/wp-json\/wp\/v2\/media\/2665"}],"wp:attachment":[{"href":"https:\/\/edfibras.com.br\/index.php\/wp-json\/wp\/v2\/media?parent=2663"}],"wp:term":[{"taxonomy":"product_cat","embeddable":true,"href":"https:\/\/edfibras.com.br\/index.php\/wp-json\/wp\/v2\/product_cat?post=2663"},{"taxonomy":"product_tag","embeddable":true,"href":"https:\/\/edfibras.com.br\/index.php\/wp-json\/wp\/v2\/product_tag?post=2663"}],"curies":[{"name":"wp","href":"https:\/\/api.w.org\/{rel}","templated":true}]}}